pose t + 2*k - 85 = 0, 0 = d*t - m*k - 185 - 86. Is t a prime number?
True
Suppose -4*d = -z - d + 51, -4*d - 188 = -4*z. Is (-166)/(-3)*z/30 a prime number?
True
Let w = 29 + -31. Is 1007 + -1*(w - 0) composite?
False
Suppose -f = -206 + 25. Suppose -3*p + 195 = 5*b - 321, 3*b = 4*p + 298. Let w = f - b. Is w a composite number?
False
Suppose -8775 = -q + 3*u, -35120 = -2*q - 2*q + 2*u. Is q composite?
True
Let c be (-19)/(-38) - 39/(-2). Is (10/c)/(2/3908) composite?
False
Let t(o) = -638*o + 3. Let y be t(-4). Let i(q) = -2*q**3 - 17*q**2 - 10*q - 12. Let k be i(-8). Suppose r + k*r - y = 0. Is r composite?
True
Suppose -4*g + 4072 = 4*g. Is g a prime number?
True
Let p be (-7912)/(-8) - 1/1. Suppose -8*n + p = -4*n. Is n prime?
False
Suppose 3*z + 639 = 6*z. Suppose z = 6*h + 27. Is h prime?
True
Suppose 0 = -3*u + 5386 + 3815. Is u a prime number?
True
Suppose -13*b = -12*b - 1. Let y be b/(-3) - (-50)/15. Suppose -3*w + 2*s = -2149, 0 = y*w + w - 4*s - 2860. Is w a prime number?
True
Suppose -5*q - f + 1671 = 0, -5*q = 4*f - 1469 - 190. Is q a composite number?
True
Let u = 5395 + -3487. Let f = u + -1151. Is f composite?
False
Suppose -9 = 3*l - 15. Is 3/(-6) - (-679)/l composite?
True
Let h = 305 + -36. Is h a prime number?
True
Let h = -2166 - -5435. Is h composite?
True
Suppose 69136 + 349302 = 62*q. Is q composite?
True
Let r be -9*(-5 - -2)/9. Suppose 0 = -3*q - x + 148, -3*x = -r*q + 2*q + 66. Is q a prime number?
False
Suppose -5*w - 5 = 5*i, 3*i + 11 = 4*w - 13. Suppose w*r - 112 - 899 = 0. Is r a prime number?
True
Suppose -7 = -2*s - 3*s - r, -8 = -4*r. Let q(v) = 2706*v**2 - v. Is q(s) composite?
True
Let b(t) = -3*t**2 - 6*t + 12 - t + 4*t**2 - 3*t. Let g be (-1 - 12)/(1 + -2). Is b(g) composite?
True
Suppose 24*z - 25*z = -4*h - 32679, -5*h + 65384 = 2*z. Is z prime?
True
Suppose -2*q = 3*r + 41022, -6*r - 54689 = -2*r + 5*q. Is r/(-12) + -3 + 7/3 a prime number?
False
Let u = 27 - 37. Let d(p) = 11*p**2 - 10*p - 7. Is d(u) prime?
True
Suppose -247 + 3052 = -3*z. Let q be (-1 + 517)/((28/(-4))/7). Let w = q - z. Is w a composite number?
False
Let h = 11 + -9. Suppose g = h*g. Suppose g*s = 5*s - 555. Is s a prime number?
False
Suppose -2*m - 4*o - 466 - 8214 = 0, -m + 5*o = 4368. Let f = -2691 - m. Is f prime?
True
Suppose 5*v + 10*v = 56235. Is v a prime number?
False
Let s = -620 - -905. Suppose -r - 2*g - 36 + 183 = 0, -2*r = -5*g - s. Is r a prime number?
False
Let j = -7 + 15. Suppose -3*u - r = -40, 0 = 2*u + 4*r - j*r - 22. Is u composite?
False
Let w = -27 - -20. Is 6/3 - (-3 - w - 3139) a composite number?
False
Let v(c) = c - 11. Let s be v(14). Suppose -b = 2*b + 2*r - 635, 3*b + s*r - 636 = 0. Is b prime?
True
Suppose -2*f - 16105 = -7*f. Is f a prime number?
True
Let v(n) = -3*n**3 + n**2 + 3*n - 2. Let d be v(2). Let k be (8/d)/((-3)/42). Suppose -11*o = -k*o - 3112. Is o prime?
False
Let p = -41 + 75. Let k = p - 56. Is (k/3)/((-12)/198) prime?
False
Suppose 17*r - 1640 + 229 = 0. Is r composite?
False
Let q = -44 - -47. Is 2425/5*q/5 a prime number?
False
Let l(s) = 103*s - 41. Let j be l(18). Let r = 3204 - j. Is r composite?
True
Let w(n) = -n**3 + 3*n**2 - 7*n + 16. Let d(f) = -f**3 + 2*f**2 - 8*f + 16. Let x(u) = -2*d(u) + 3*w(u). Let o be x(12). Is (-1)/(o/524 - -2) prime?
True
Let g(k) = -417*k + 103. Is g(-6) a composite number?
True
Is -5 + (-13)/(65/(-135555)) a prime number?
False
Suppose 2*q - 84 = 6*q. Let l be q*(-52)/6 - 0. Let i = -129 + l. Is i a composite number?
False
Suppose 3 = -5*k + 23. Suppose -k*p = -p + 12. Is (-97)/(-2) + (-2)/p a composite number?
True
Let i be (-1 + 0 - 14)/(-1). Let h = 22 - i. Suppose h*w - 5*w = 178. Is w prime?
True
Let x(t) = t**3 - 2*t**2 - 2*t. Let s be x(3). Suppose -s*r = -0*r - 114. Is r*4 - (4 + -1) a composite number?
False
Let i(j) = -5*j - 5. Let s be i(-8). Let h be 3/2 + s/(-10). Is (-94 + 0)*h/2 composite?
True
Suppose -5*h = -h - 36. Let p(v) = v**3 - 9*v**2 + 2*v - 18. Let s be p(h). Suppose 2*j - 2682 = -4*a, -4*a + 5356 = 4*j - s*a. Is j prime?
False
Let o(m) = 3916*m - 39. Is o(1) composite?
False
Let q be 150 + (0/1)/(-4). Suppose 3*n + 87 = -q. Let t = 240 - n. Is t a prime number?
False
Let i(f) = -63*f**3 + f**2 - 6*f - 3. Is i(-4) a prime number?
False
Let i = -323 - 119. Let t be (4 + -2)/(16/(-888)). Let f = t - i. Is f composite?
False
Let o = -168 - 98. Suppose 1587 = -4*z - i + 6*i, 2*z - 3*i = -795. Let f = o - z. Is f prime?
True
Let p(x) = -58*x + 1. Let o be p(2). Suppose 53*u - 61*u = -1288. Let r = o + u. Is r a composite number?
True
Let z = 4565 + -1901. Let u(k) = -k**2 + 3*k. Let a be u(3). Suppose a*p = -r - 2*p + 895, -3*r + p + z = 0. Is r a composite number?
True
Let f(g) = g**2 + 3*g - 1. Let h be f(1). Suppose -3*b = -h*q + 2*q - 5, -4*b - 25 = 5*q. Suppose p - 5*i - 12 = b, 3*i = -0*p - 4*p + 163. Is p composite?
False
Let a(r) = 2*r**3 - 11*r**2 + 18*r + 3. Suppose 3*i - 2*w = -3*w + 19, -2*i - 2*w = -6. Is a(i) a prime number?
True
Let j = 136 - 135. Is j/1*-2 - -4329 prime?
True
Let z(p) = -2*p - 16. Let t be z(-2). Is (t/(-18))/(1 - 18926/18930) a composite number?
True
Suppose 2*q - 1 = 29. Suppose -4*t - q = -9*t. Suppose 3*w - 4*w = t*g - 218, 5*g - 5*w = 330. Is g composite?
False
Let s(d) = 785*d + 3. Let y be s(1). Suppose y + 3737 = 5*a. Is a composite?
True
Is 1/((-4)/4358*(-7)/14) a prime number?
True
Let n = -1588 - -3573. Is n composite?
True
Suppose -3*t + 6264 = 111. Is t composite?
True
Let u(g) be the first derivative of 19*g**2/2 - 6*g + 6. Is u(7) a composite number?
False
Is -5767*((-4)/(-12))/((-2)/6) composite?
True
Is ((-1043)/(-35))/((-2)/(-110)) prime?
False
Suppose 2 = x - 2. Suppose -3*h = -8*h + 2*n + 609, -x*h + 4*n = -480. Is h prime?
False
Suppose r + 3*g = g + 1119, 0 = -2*r - g + 2226. Is r a composite number?
True
Suppose 384 = 5*f - 11221. Is f prime?
False
Let f = 359 - 22. Is f composite?
False
Let i be -12 + 13 + (-2328 - 1). Let a = i + 3551. Let l = a + -370. Is l prime?
True
Let q(i) = -75*i + 6. Let p(b) = b**2 + 19*b + 7. Let w be p(-19). Let l be q(w). Is (l/(-2))/(9/12) a composite number?
True
Is (5 - 79)/(4/(-66)*3) composite?
True
Suppose -5*j + 64771 = w + w, 3*w = 5*j - 64756. Is j prime?
True
Let a = -24 - 50. Let o = 42 - 63. Let v = o - a. Is v a prime number?
True
Suppose 0 = 7*d - 4*d. Let z be (-142 + 4)/(d + -2). Let y = -36 + z. Is y composite?
True
Is (674 - 1)/(2/24*4) a composite number?
True
Let j(m) = m**2 - m - 1. Let y(i) = -i**3 + 7*i**2 - 3*i + 6. Let n(q) = 2*j(q) - y(q). Is n(6) a prime number?
False
Suppose 11*n - 12*n = -t - 8578, 0 = 5*n - t - 42906. Let v = -4413 + n. Is v a prime number?
False
Let l(m) = 4*m**2 + 9*m - 22. Let u be l(5). Suppose q = u + 259. Is q a composite number?
True
Let t = -1 + -12. Let i = 942 - t. Suppose -v + 2*v + 2 = 0, -i = -3*m - v. Is m a composite number?
True
Suppose -8*z - 240 = -11*z. Let q be (-10)/(-2) + -1 + 0. Suppose 0 = -u - 3*w + z, 0*w = -q*u - 4*w + 312. Is u a composite number?
True
Let x = 7880 - 3843. Is x composite?
True
Let q(l) = 3*l + 1. Let c be q(-5). Suppose -587 = -43*a + 3498. Let k = a - c. Is k prime?
True
Let o(w) = 81*w + 1. Let r be o(1). Let v be (r + 0)/2 + -4. Suppose -v = -g + 4*n, 2*n = 3*n. Is g prime?
True
Let l = -352 - -645. Is l a composite number?
False
Let w(o) = 83*o**2 - 3*o - 193. Is w(19) a prime number?
False
Is (48417/(-5))/((-3)/15) composite?
True
Let w be (3/2)/((-1)/(-10)). Let q = w + 36. Is q composite?
True
Suppose g - q - 1683 = 2471, 5*q = 25. Is g prime?
True
Let p(v) be the first derivative of -7*v**3/2 - 3*v**2/2 + 7*v - 7. Let c(t) be the first derivative of p(t). Is c(-2) prime?
False
Let n be ((-6)/24*-4)/(-1). Let w(b) be the third derivative of -13*b**4/4 - b**3/6 - b**2. Is w(n) composite?
True
Suppose 0 = -3*j - 5*k + 8147, -j + 20*k = 23*k - 2713. Is j composite?
False
Let k(u) = 20*u - 14. Suppose -16 = 2*b + n, -4*b + n - 13 = 19. Let p = b + 14. Is k(p) a prime number?
False
Let c = 19917 - 4994. Is c a prime number?
True
Let n(u) = -u - 6. Let z be n(-10). Suppose 8 = 3*b - 4. Suppose -265 = -3*i + z*s, -b*s = i + i - 150. Is i a prime number?
True
Let m = -21 - -24. Suppose -m*f = 4*f - 15491. Is f composite?
False
Is 2/18 - ((-131980